y 33.
31
What is the remainder when 107 is divided by 14?
9
Calculate the remainder when 166 is divided by 24.
22
What is the remainder when 43 is divided by 3?
1
Calculate the remainder when 1048 is divided by 7.
5
Calculate the remainder when 168 is divided by 15.
3
Calculate the remainder when 1850 is divided by 920.
10
What is the remainder when 101 is divided by 17?
16
Calculate the remainder when 748 is divided by 92.
12
What is the remainder when 414 is divided by 194?
26
What is the remainder when 1224 is divided by 356?
156
Calculate the remainder when 811 is divided by 753.
58
Calculate the remainder when 2082 is divided by 138.
12
What is the remainder when 108 is divided by 16?
12
Calculate the remainder when 124 is divided by 21.
19
What is the remainder when 512 is divided by 62?
16
What is the remainder when 79 is divided by 25?
4
Calculate the remainder when 87 is divided by 10.
7
Calculate the remainder when 287 is divided by 31.
8
What is the remainder when 406 is divided by 109?
79
Calculate the remainder when 125 is divided by 63.
62
Calculate the remainder when 287 is divided by 129.
29
Calculate the remainder when 175 is divided by 9.
4
What is the remainder when 15417 is divided by 53?
47
What is the remainder when 307 is divided by 29?
17
What is the remainder when 9359 is divided by 39?
38
Calculate the remainder when 206 is divided by 7.
3
What is the remainder when 47213 is divided by 133?
131
What is the remainder when 7993 is divided by 11?
7
Calculate the remainder when 116 is divided by 23.
1
What is the remainder when 1655 is divided by 72?
71
What is the remainder when 26 is divided by 14?
12
What is the remainder when 152 is divided by 39?
35
Calculate the remainder when 59 is divided by 11.
4
Calculate the remainder when 39 is divided by 20.
19
What is the remainder when 51 is divided by 30?
21
What is the remainder when 52 is divided by 19?
14
What is the remainder when 959 is divided by 15?
14
What is the remainder when 607 is divided by 38?
37
Calculate the remainder when 577 is divided by 572.
5
What is the remainder when 390 is divided by 53?
19
Calculate the remainder when 1839 is divided by 202.
21
Calculate the remainder when 65 is divided by 36.
29
Calculate the remainder when 743 is divided by 24.
23
Calculate the remainder when 4453 is divided by 2.
1
Calculate the remainder when 235 is divided by 32.
11
What is the remainder when 381 is divided by 41?
12
Calculate the remainder when 202 is divided by 10.
2
Calculate the remainder when 23732 is divided by 23.
19
Calculate the remainder when 719 is divided by 91.
82
Calculate the remainder when 963 is divided by 41.
20
Calculate the remainder when 623 is divided by 12.
11
What is the remainder when 206 is divided by 59?
29
Calculate the remainder when 515 is divided by 65.
60
Calculate the remainder when 350 is divided by 19.
8
Calculate the remainder when 105 is divided by 60.
45
Calculate the remainder when 214 is divided by 60.
34
Calculate the remainder when 178 is divided by 15.
13
Calculate the remainder when 12203 is divided by 39.
35
Calculate the remainder when 32739 is divided by 34.
31
What is the remainder when 853 is divided by 279?
16
Calculate the remainder when 1549 is divided by 4.
1
What is the remainder when 4100 is divided by 1024?
4
What is the remainder when 399 is divided by 42?
21
What is the remainder when 1642 is divided by 35?
32
Calculate the remainder when 315 is divided by 15.
0
What is the remainder when 797 is divided by 47?
45
What is the remainder when 228 is divided by 21?
18
What is the remainder when 441 is divided by 417?
24
Calculate the remainder when 671 is divided by 202.
65
Calculate the remainder when 153 is divided by 40.
33
Calculate the remainder when 2403 is divided by 216.
27
Calculate the remainder when 3789 is divided by 79.
76
Calculate the remainder when 5343 is divided by 162.
159
What is the remainder when 216 is divided by 216?
0
What is the remainder when 611 is divided by 53?
28
Calculate the remainder when 4323 is divided by 4.
3
What is the remainder when 165 is divided by 68?
29
What is the remainder when 78 is divided by 9?
6
Calculate the remainder when 41 is divided by 15.
11
Calculate the remainder when 134 is divided by 25.
9
Calculate the remainder when 771 is divided by 138.
81
What is the remainder when 181 is divided by 95?
86
What is the remainder when 2075 is divided by 33?
29
Calculate the remainder when 54 is divided by 32.
22
What is the remainder when 120 is divided by 60?
0
What is the remainder when 143 is divided by 49?
45
What is the remainder when 1997 is divided by 100?
97
Calculate the remainder when 242 is divided by 40.
2
Calculate the remainder when 17262 is divided by 5753.
3
Calculate the remainder when 37 is divided by 7.
2
What is the remainder when 106 is divided by 59?
47
What is the remainder when 267 is divided by 90?
87
What is the remainder when 209 is divided by 80?
49
Calculate the remainder when 197 is divided by 50.
47
Calculate the remainder when 1887 is divided by 23.
1
Calculate the remainder when 4262 is divided by 137.
15
What is the remainder when 159 is divided by 38?
7
What is the remainder when 17 is divided by 9?
8
Calculate the remainder when 27 is divided by 2.
1
Calculate the remainder when 31821 is divided by 48.
45
What is the remainder when 849 is divided by 254?
87
What is the remainder when 713 is divided by 120?
113
What is the remainder when 52 is divided by 11?
8
What is the remainder when 522 is divided by 514?
8
What is the remainder when 83 is divided by 16?
3
Calculate the remainder when 47 is divided by 23.
1
Calculate the remainder when 432 is divided by 62.
60
What is the remainder when 8495 is divided by 68?
63
What is the remainder when 1943 is divided by 88?
7
What is the remainder when 271 is divided by 16?
15
Calculate the remainder when 59 is divided by 20.
19
Calculate the remainder when 969 is divided by 448.
73
Calculate the remainder when 1199 is divided by 83.
37
What is the remainder when 189 is divided by 29?
15
What is the remainder when 82 is divided by 41?
0
What is the remainder when 1239 is divided by 114?
99
What is the remainder when 1134 is divided by 30?
24
What is the remainder when 1307 is divided by 68?
15
Calculate the remainder when 1194 is divided by 16.
10
What is the remainder when 111 is divided by 24?
15
What is the remainder when 351 is divided by 22?
21
Calculate the remainder when 1526 is divided by 1522.
4
What is the remainder when 82 is divided by 28?
26
Calculate the remainder when 494 is divided by 83.
79
Calculate the remainder when 177 is divided by 18.
15
What is the remainder when 7374 is divided by 125?
124
Calculate the remainder when 170 is divided by 17.
0
Calculate the remainder when 227 is divided by 110.
7
What is the remainder when 5706 is divided by 13?
12
What is the remainder when 36 is divided by 31?
5
What is the remainder when 1724 is divided by 219?
191
Calculate the remainder when 475 is divided by 16.
11
Calculate the remainder when 1472 is divided by 67.
65
Calculate the remainder when 270 is divided by 125.
20
What is the remainder when 189 is divided by 46?
5
What is the remainder when 2008 is divided by 285?
13
What is the remainder when 3291 is divided by 9?
6
Calculate the remainder when 2044 is divided by 32.
28
Calculate the remainder when 13 is divided by 9.
4
Calculate the remainder when 25 is divided by 4.
1
What is the remainder when 87 is divided by 47?
40
Calculate the remainder when 249 is divided by 14.
11
What is the remainder when 174 is divided by 12?
6
What is the remainder when 2216 is divided by 3?
2
Calculate the remainder when 148 is divided by 22.
16
Calculate the remainder when 2292 is divided by 229.
2
Calculate the remainder when 1104 is divided by 65.
64
Calculate the remainder when 108 is divided by 56.
52
Calculate the remainder when 42 is divided by 19.
4
Calculate the remainder when 1818 is divided by 141.
126
What is the remainder when 2191 is divided by 438?
1
Calculate the remainder when 924 is divided by 409.
106
What is the remainder when 192 is divided by 86?
20
What is the remainder when 1213 is divided by 64?
61
Calcul